{"id":22,"date":"2023-03-17T09:17:27","date_gmt":"2023-03-17T08:17:27","guid":{"rendered":"https:\/\/wp2.sholzer2022.hla-moedling.schulwebspace.at\/?page_id=22"},"modified":"2023-06-15T00:00:51","modified_gmt":"2023-06-14T22:00:51","slug":"impressum","status":"publish","type":"page","link":"https:\/\/wp2.sholzer2022.hla-moedling.schulwebspace.at\/?page_id=22","title":{"rendered":"Informationen"},"content":{"rendered":"\t\t<div data-elementor-type=\"wp-page\" data-elementor-id=\"22\" class=\"elementor elementor-22\">\n\t\t\t\t\t\t\t\t\t<section class=\"elementor-section elementor-top-section elementor-element elementor-element-601f873 elementor-section-boxed elementor-section-height-default elementor-section-height-default\" data-id=\"601f873\" data-element_type=\"section\">\n\t\t\t\t\t\t<div class=\"elementor-container elementor-column-gap-default\">\n\t\t\t\t\t<div class=\"elementor-column elementor-col-100 elementor-top-column elementor-element elementor-element-a834da0\" data-id=\"a834da0\" data-element_type=\"column\">\n\t\t\t<div class=\"elementor-widget-wrap elementor-element-populated\">\n\t\t\t\t\t\t\t\t<div class=\"elementor-element elementor-element-3d30bf1 elementor-widget elementor-widget-spacer\" data-id=\"3d30bf1\" data-element_type=\"widget\" data-widget_type=\"spacer.default\">\n\t\t\t\t<div class=\"elementor-widget-container\">\n\t\t\t<style>\/*! elementor - v3.11.5 - 14-03-2023 *\/\n.elementor-column .elementor-spacer-inner{height:var(--spacer-size)}.e-con{--container-widget-width:100%}.e-con-inner>.elementor-widget-spacer,.e-con>.elementor-widget-spacer{width:var(--container-widget-width,var(--spacer-size));--align-self:var(--container-widget-align-self,initial);--flex-shrink:0}.e-con-inner>.elementor-widget-spacer>.elementor-widget-container,.e-con-inner>.elementor-widget-spacer>.elementor-widget-container>.elementor-spacer,.e-con>.elementor-widget-spacer>.elementor-widget-container,.e-con>.elementor-widget-spacer>.elementor-widget-container>.elementor-spacer{height:100%}.e-con-inner>.elementor-widget-spacer>.elementor-widget-container>.elementor-spacer>.elementor-spacer-inner,.e-con>.elementor-widget-spacer>.elementor-widget-container>.elementor-spacer>.elementor-spacer-inner{height:var(--container-widget-height,var(--spacer-size))}<\/style>\t\t<div class=\"elementor-spacer\">\n\t\t\t<div class=\"elementor-spacer-inner\"><\/div>\n\t\t<\/div>\n\t\t\t\t<\/div>\n\t\t\t\t<\/div>\n\t\t\t\t\t<\/div>\n\t\t<\/div>\n\t\t\t\t\t\t\t<\/div>\n\t\t<\/section>\n\t\t\t\t<section class=\"elementor-section elementor-top-section elementor-element elementor-element-0128828 elementor-section-boxed elementor-section-height-default elementor-section-height-default\" data-id=\"0128828\" data-element_type=\"section\">\n\t\t\t\t\t\t<div class=\"elementor-container elementor-column-gap-default\">\n\t\t\t\t\t<div class=\"elementor-column elementor-col-100 elementor-top-column elementor-element elementor-element-6ccf93a\" data-id=\"6ccf93a\" data-element_type=\"column\">\n\t\t\t<div class=\"elementor-widget-wrap elementor-element-populated\">\n\t\t\t\t\t\t\t\t<div class=\"elementor-element elementor-element-9c4fe9a elementor-widget__width-initial elementor-widget elementor-widget-heading\" data-id=\"9c4fe9a\" data-element_type=\"widget\" data-widget_type=\"heading.default\">\n\t\t\t\t<div class=\"elementor-widget-container\">\n\t\t\t<style>\/*! elementor - v3.11.5 - 14-03-2023 *\/\n.elementor-heading-title{padding:0;margin:0;line-height:1}.elementor-widget-heading .elementor-heading-title[class*=elementor-size-]>a{color:inherit;font-size:inherit;line-height:inherit}.elementor-widget-heading .elementor-heading-title.elementor-size-small{font-size:15px}.elementor-widget-heading .elementor-heading-title.elementor-size-medium{font-size:19px}.elementor-widget-heading .elementor-heading-title.elementor-size-large{font-size:29px}.elementor-widget-heading .elementor-heading-title.elementor-size-xl{font-size:39px}.elementor-widget-heading .elementor-heading-title.elementor-size-xxl{font-size:59px}<\/style><h3 class=\"elementor-heading-title elementor-size-default\">1. Impressum<\/h3>\t\t<\/div>\n\t\t\t\t<\/div>\n\t\t\t\t\t<\/div>\n\t\t<\/div>\n\t\t\t\t\t\t\t<\/div>\n\t\t<\/section>\n\t\t\t\t<section class=\"elementor-section elementor-top-section elementor-element elementor-element-e82ccfc elementor-section-boxed elementor-section-height-default elementor-section-height-default\" data-id=\"e82ccfc\" data-element_type=\"section\">\n\t\t\t\t\t\t<div class=\"elementor-container elementor-column-gap-default\">\n\t\t\t\t\t<div class=\"elementor-column elementor-col-100 elementor-top-column elementor-element elementor-element-abce1f6\" data-id=\"abce1f6\" data-element_type=\"column\">\n\t\t\t<div class=\"elementor-widget-wrap elementor-element-populated\">\n\t\t\t\t\t\t\t\t<div class=\"elementor-element elementor-element-5247616 elementor-widget elementor-widget-text-editor\" data-id=\"5247616\" data-element_type=\"widget\" data-widget_type=\"text-editor.default\">\n\t\t\t\t<div class=\"elementor-widget-container\">\n\t\t\t<style>\/*! elementor - v3.11.5 - 14-03-2023 *\/\n.elementor-widget-text-editor.elementor-drop-cap-view-stacked .elementor-drop-cap{background-color:#818a91;color:#fff}.elementor-widget-text-editor.elementor-drop-cap-view-framed .elementor-drop-cap{color:#818a91;border:3px solid;background-color:transparent}.elementor-widget-text-editor:not(.elementor-drop-cap-view-default) .elementor-drop-cap{margin-top:8px}.elementor-widget-text-editor:not(.elementor-drop-cap-view-default) .elementor-drop-cap-letter{width:1em;height:1em}.elementor-widget-text-editor .elementor-drop-cap{float:left;text-align:center;line-height:1;font-size:50px}.elementor-widget-text-editor .elementor-drop-cap-letter{display:inline-block}<\/style>\t\t\t\t<p>PORMA Bau- &amp; PlanungsgmbH<\/p><p>Triesterstra\u00dfe 10\/3\/4OG\/1<\/p><p>2351 Wiener Neudorf<\/p><p>Telefon: 02236 \/ 320 109<\/p><p>Telefax: 02236 \/ 320 109 &#8211; 9<\/p><p>Email:\u00a0\u00a0\u00a0 office@porma.at<\/p><p>Homepage: <a href=\"http:\/\/www.porma.at\">www.porma.at<\/a><\/p><p>UID: ATU 62616805<\/p><p>Firmenbuchnummer: FN 279793 k<\/p><p>Landesgericht Wr. Neustadt<\/p><p>Weitere Informationen k\u00f6nnen Sie auch im Verzeichnis der Wirtschaftskammer \u00d6sterreich einsehen:<\/p>\t\t\t\t\t\t<\/div>\n\t\t\t\t<\/div>\n\t\t\t\t\t<\/div>\n\t\t<\/div>\n\t\t\t\t\t\t\t<\/div>\n\t\t<\/section>\n\t\t\t\t<section class=\"elementor-section elementor-top-section elementor-element elementor-element-6db1d33 elementor-section-boxed elementor-section-height-default elementor-section-height-default\" data-id=\"6db1d33\" data-element_type=\"section\">\n\t\t\t\t\t\t<div class=\"elementor-container elementor-column-gap-default\">\n\t\t\t\t\t<div class=\"elementor-column elementor-col-100 elementor-top-column elementor-element elementor-element-e722421\" data-id=\"e722421\" data-element_type=\"column\">\n\t\t\t<div class=\"elementor-widget-wrap elementor-element-populated\">\n\t\t\t\t\t\t\t\t<div class=\"elementor-element elementor-element-8e5cc12 elementor-widget elementor-widget-text-editor\" data-id=\"8e5cc12\" data-element_type=\"widget\" data-widget_type=\"text-editor.default\">\n\t\t\t\t<div class=\"elementor-widget-container\">\n\t\t\t\t\t\t\t<p><a href=\"https:\/\/firmen.wko.at\/porma-bau--und-planungsgesellschaft-mbh\/nieder%c3%b6sterreich\/?firmaid=3a09e5da-5bce-4448-b49b-7776ab26e0ec&amp;suchbegriff=porma\">https:\/\/firmen.wko.at\/porma-bau&#8211;und-planungsgesellschaft-mbh\/nieder%c3%b6sterreich\/?firmaid=3a09e5da-5bce-4448-b49b-7776ab26e0ec&amp;suchbegriff=porma<\/a><\/p>\t\t\t\t\t\t<\/div>\n\t\t\t\t<\/div>\n\t\t\t\t\t<\/div>\n\t\t<\/div>\n\t\t\t\t\t\t\t<\/div>\n\t\t<\/section>\n\t\t\t\t<section class=\"elementor-section elementor-top-section elementor-element elementor-element-09c6313 elementor-section-boxed elementor-section-height-default elementor-section-height-default\" data-id=\"09c6313\" data-element_type=\"section\">\n\t\t\t\t\t\t<div class=\"elementor-container elementor-column-gap-default\">\n\t\t\t\t\t<div class=\"elementor-column elementor-col-100 elementor-top-column elementor-element elementor-element-530055d\" data-id=\"530055d\" data-element_type=\"column\">\n\t\t\t<div class=\"elementor-widget-wrap elementor-element-populated\">\n\t\t\t\t\t\t\t\t<div class=\"elementor-element elementor-element-7a36e97 elementor-widget elementor-widget-text-editor\" data-id=\"7a36e97\" data-element_type=\"widget\" data-widget_type=\"text-editor.default\">\n\t\t\t\t<div class=\"elementor-widget-container\">\n\t\t\t\t\t\t\t<p>Bilder:<\/p><p>PORMA Bau- &amp; PlanungsgmbH<\/p><p>Unsplash:\u00a0<a href=\"https:\/\/unsplash.com\/@d_mccullough?utm_source=unsplash&amp;utm_medium=referral&amp;utm_content=creditCopyText\">Daniel McCullough<\/a>\u00a0(Titelbild)<\/p><p>Unsplash:\u00a0<a href=\"https:\/\/unsplash.com\/@webaliser?utm_source=unsplash&amp;utm_medium=referral&amp;utm_content=creditCopyText\">\u042f\u0440\u043e\u0441\u043b\u0430\u0432 \u0410\u043b\u0435\u043a\u0441\u0435\u0435\u043d\u043a\u043e<\/a>\u00a0(Planung &amp; Ausschreibung)<\/p><p>Unsplash:\u00a0<a href=\"https:\/\/unsplash.com\/es\/@benjopen?utm_source=unsplash&amp;utm_medium=referral&amp;utm_content=creditCopyText\">Benjamin Jopen<\/a>\u00a0(Bauausf\u00fchrung)<\/p><p>Unsplash:\u00a0<a href=\"https:\/\/unsplash.com\/@mathieustern?utm_source=unsplash&amp;utm_medium=referral&amp;utm_content=creditCopyText\">Mathieu Stern<\/a>\u00a0(Bauleitung &amp; \u00d6rtliche Bauaufsicht)<\/p><p>Unsplash:\u00a0<a href=\"https:\/\/unsplash.com\/@eskaylim?utm_source=unsplash&amp;utm_medium=referral&amp;utm_content=creditCopyText\">eskay lim<\/a>\u00a0(Planungs- &amp; Baustellenkoordination)<\/p><p>Unsplash:\u00a0<a href=\"https:\/\/unsplash.com\/@mimithecook?utm_source=unsplash&amp;utm_medium=referral&amp;utm_content=creditCopyText\">Milivoj Kuhar<\/a>\u00a0(Thermische Sanierung, Modernisierung, Bauphysik)<\/p><p>Unsplash:\u00a0<a href=\"https:\/\/unsplash.com\/@homajob?utm_source=unsplash&amp;utm_medium=referral&amp;utm_content=creditCopyText\">Scott Graham<\/a>\u00a0(Sachverst\u00e4ndigent\u00e4tigkeiten)<\/p><p>Unsplash:\u00a0<a href=\"https:\/\/unsplash.com\/@homajob?utm_source=unsplash&amp;utm_medium=referral&amp;utm_content=creditCopyText\">Scott Graham<\/a>\u00a0(Bautr\u00e4ger)<\/p>\t\t\t\t\t\t<\/div>\n\t\t\t\t<\/div>\n\t\t\t\t\t<\/div>\n\t\t<\/div>\n\t\t\t\t\t\t\t<\/div>\n\t\t<\/section>\n\t\t\t\t<section class=\"elementor-section elementor-top-section elementor-element elementor-element-d947544 elementor-section-boxed elementor-section-height-default elementor-section-height-default\" data-id=\"d947544\" data-element_type=\"section\">\n\t\t\t\t\t\t<div class=\"elementor-container elementor-column-gap-default\">\n\t\t\t\t\t<div class=\"elementor-column elementor-col-100 elementor-top-column elementor-element elementor-element-3ad4051\" data-id=\"3ad4051\" data-element_type=\"column\">\n\t\t\t<div class=\"elementor-widget-wrap elementor-element-populated\">\n\t\t\t\t\t\t\t\t<div class=\"elementor-element elementor-element-e13085c elementor-widget elementor-widget-spacer\" data-id=\"e13085c\" data-element_type=\"widget\" data-widget_type=\"spacer.default\">\n\t\t\t\t<div class=\"elementor-widget-container\">\n\t\t\t\t\t<div class=\"elementor-spacer\">\n\t\t\t<div class=\"elementor-spacer-inner\"><\/div>\n\t\t<\/div>\n\t\t\t\t<\/div>\n\t\t\t\t<\/div>\n\t\t\t\t\t<\/div>\n\t\t<\/div>\n\t\t\t\t\t\t\t<\/div>\n\t\t<\/section>\n\t\t\t\t<section class=\"elementor-section elementor-top-section elementor-element elementor-element-1547712 elementor-section-boxed elementor-section-height-default elementor-section-height-default\" data-id=\"1547712\" data-element_type=\"section\">\n\t\t\t\t\t\t<div class=\"elementor-container elementor-column-gap-default\">\n\t\t\t\t\t<div class=\"elementor-column elementor-col-100 elementor-top-column elementor-element elementor-element-105472f\" data-id=\"105472f\" data-element_type=\"column\">\n\t\t\t<div class=\"elementor-widget-wrap elementor-element-populated\">\n\t\t\t\t\t\t\t\t<div class=\"elementor-element elementor-element-0ff87f5 elementor-widget elementor-widget-heading\" data-id=\"0ff87f5\" data-element_type=\"widget\" data-widget_type=\"heading.default\">\n\t\t\t\t<div class=\"elementor-widget-container\">\n\t\t\t<h3 class=\"elementor-heading-title elementor-size-default\">2. Datenschutz<\/h3>\t\t<\/div>\n\t\t\t\t<\/div>\n\t\t\t\t\t<\/div>\n\t\t<\/div>\n\t\t\t\t\t\t\t<\/div>\n\t\t<\/section>\n\t\t\t\t<section class=\"elementor-section elementor-top-section elementor-element elementor-element-fd52e20 elementor-section-boxed elementor-section-height-default elementor-section-height-default\" data-id=\"fd52e20\" data-element_type=\"section\">\n\t\t\t\t\t\t<div class=\"elementor-container elementor-column-gap-default\">\n\t\t\t\t\t<div class=\"elementor-column elementor-col-100 elementor-top-column elementor-element elementor-element-70c67cf\" data-id=\"70c67cf\" data-element_type=\"column\">\n\t\t\t<div class=\"elementor-widget-wrap elementor-element-populated\">\n\t\t\t\t\t\t\t\t<div class=\"elementor-element elementor-element-eed91fa elementor-widget elementor-widget-text-editor\" data-id=\"eed91fa\" data-element_type=\"widget\" data-widget_type=\"text-editor.default\">\n\t\t\t\t<div class=\"elementor-widget-container\">\n\t\t\t\t\t\t\t<p><span style=\"text-decoration: underline;\">Allgemeines<\/span><\/p><p>Der Schutz Ihrer pers\u00f6nlichen Daten ist uns ein wichtiges Anliegen. Wir verarbeiten Ihre Daten nach den gesetzlichen Bestimmungen (Bundesgesetz zum Schutz nat\u00fcrlicher Personen bei der Verarbeitung personenbezogener Daten &#8211; Datenschutzgesetz DSG). Indem Sie auf unsere Homepage zugreifen oder diese in einer anderen Form nutzen, erkl\u00e4ren Sie sich damit einverstanden. Falls Sie \u00fcber Links auf unseren Seiten auf andere Seiten weitergeleitet werden, werden Sie ersucht, sich auf den jeweiligen Seiten \u00fcber den Datenschutz zu informieren.<\/p><p><span style=\"text-decoration: underline;\">Datenerhebung- und verarbeitung <\/span><\/p><p>Wenn Sie uns schriftlich oder telefonisch oder per E-Mail kontaktieren, haben Sie uns Daten \u00fcber sich freiwillig zur Verf\u00fcgung gestellt. Diese von Ihnen bereit gestellten Daten werden zwecks Bearbeitung Ihrer Anfrage bzw. Ihres Auftrages und f\u00fcr den Fall von Anschlussfragen bei uns gespeichert.<\/p><p>Die von Ihnen eingegebenen bzw. uns bekannt gegebenen Daten werden ausschlie\u00dflich f\u00fcr die Bearbeitung der Anfrage bzw. in jenem Ma\u00df, als es f\u00fcr die Abwicklung des Auftrages erforderlich ist, verarbeitet und gespeichert. Eine Weitergabe erfolgt nur im minimal erforderlichen Umfang und soweit es f\u00fcr die Auftragsabwicklung notwendig ist, auf einer gesetzlichen Grundlage beruht oder ein berechtigtes Interesse an der Gesch\u00e4ftsabwicklung beteiligter (Dritter) besteht.<\/p><p>Wir setzen laufend technische Sicherheitsma\u00dfnahmen, um die gespeicherten Daten gegen zuf\u00e4llige oder vors\u00e4tzliche Manipulation, Verlust, Zerst\u00f6rung oder Datendiebstahl und gegen den Zugriff unberechtigter Personen zu sch\u00fctzen, weisen jedoch darauf hin, dass die Daten\u00fcbertragung im Internet Sicherheitsl\u00fccken aufweisen kann und ein 100&amp;iger Schutz vor dem Zugriff Dritter nicht m\u00f6glich ist.<\/p><p><span style=\"text-decoration: underline;\">Wie lange speichern wir Ihre Daten<\/span><\/p><p>Die Daten werden w\u00e4hrend der Dauer des Vertragsverh\u00e4ltnisses bzw. der Auftragsabwicklung und nach Beendigung dessen zumindest so lange aufbewahrt, als gesetzliche Aufbewahrungsfristen bestehen oder Verj\u00e4hrungsfristen potentieller Rechtsanspr\u00fcche noch nicht abgelaufen sind.<\/p><p><span style=\"text-decoration: underline;\">Rechtsbehelfsbelehrung<\/span><\/p><p>Ihnen stehen grunds\u00e4tzlich die Rechte auf Auskunft, Berichtigung, L\u00f6schung, Einschr\u00e4nkung, Daten\u00fcbertragbarkeit und Widerspruch zu. Daf\u00fcr wenden Sie sich an uns.<\/p><p>PORMA Bau- &amp; PlanungsgmbH<\/p><p>Triesterstra\u00dfe 10\/3\/4.OG\/1<\/p><p>2351 Wiener Neudorf<\/p><p><a href=\"mailto:office@porma.at\">office@porma.at<\/a><\/p><p>Wenn Sie glauben, dass die Verarbeitung Ihrer Daten gegen das Datenschutzrecht verst\u00f6\u00dft oder Ihre datenschutzrechtlichen Anspr\u00fcche sonst in einer Weise verletzt worden sind, ersuchen wir Sie, mit uns f\u00fcr eine Aufkl\u00e4rung in Kontakt zu treten. Sie k\u00f6nnen sich auch bei der Aufsichtsbeh\u00f6rde beschweren. In \u00d6sterreich ist die Datenschutzbeh\u00f6rde zust\u00e4ndig.<\/p>\t\t\t\t\t\t<\/div>\n\t\t\t\t<\/div>\n\t\t\t\t\t<\/div>\n\t\t<\/div>\n\t\t\t\t\t\t\t<\/div>\n\t\t<\/section>\n\t\t\t\t<section class=\"elementor-section elementor-top-section elementor-element elementor-element-0c0c1d8 elementor-section-boxed elementor-section-height-default elementor-section-height-default\" data-id=\"0c0c1d8\" data-element_type=\"section\">\n\t\t\t\t\t\t<div class=\"elementor-container elementor-column-gap-default\">\n\t\t\t\t\t<div class=\"elementor-column elementor-col-100 elementor-top-column elementor-element elementor-element-418fe1a\" data-id=\"418fe1a\" data-element_type=\"column\">\n\t\t\t<div class=\"elementor-widget-wrap elementor-element-populated\">\n\t\t\t\t\t\t\t\t<div class=\"elementor-element elementor-element-09aceaa elementor-widget elementor-widget-spacer\" data-id=\"09aceaa\" data-element_type=\"widget\" data-widget_type=\"spacer.default\">\n\t\t\t\t<div class=\"elementor-widget-container\">\n\t\t\t\t\t<div class=\"elementor-spacer\">\n\t\t\t<div class=\"elementor-spacer-inner\"><\/div>\n\t\t<\/div>\n\t\t\t\t<\/div>\n\t\t\t\t<\/div>\n\t\t\t\t\t<\/div>\n\t\t<\/div>\n\t\t\t\t\t\t\t<\/div>\n\t\t<\/section>\n\t\t\t\t<section class=\"elementor-section elementor-top-section elementor-element elementor-element-37fdfab elementor-section-boxed elementor-section-height-default elementor-section-height-default\" data-id=\"37fdfab\" data-element_type=\"section\">\n\t\t\t\t\t\t<div class=\"elementor-container elementor-column-gap-default\">\n\t\t\t\t\t<div class=\"elementor-column elementor-col-100 elementor-top-column elementor-element elementor-element-936e11a\" data-id=\"936e11a\" data-element_type=\"column\">\n\t\t\t<div class=\"elementor-widget-wrap elementor-element-populated\">\n\t\t\t\t\t\t\t\t<div class=\"elementor-element elementor-element-fc41f5d elementor-widget elementor-widget-heading\" data-id=\"fc41f5d\" data-element_type=\"widget\" data-widget_type=\"heading.default\">\n\t\t\t\t<div class=\"elementor-widget-container\">\n\t\t\t<h3 class=\"elementor-heading-title elementor-size-default\">3. Urheberrecht<\/h3>\t\t<\/div>\n\t\t\t\t<\/div>\n\t\t\t\t\t<\/div>\n\t\t<\/div>\n\t\t\t\t\t\t\t<\/div>\n\t\t<\/section>\n\t\t\t\t<section class=\"elementor-section elementor-top-section elementor-element elementor-element-4de004a elementor-section-boxed elementor-section-height-default elementor-section-height-default\" data-id=\"4de004a\" data-element_type=\"section\">\n\t\t\t\t\t\t<div class=\"elementor-container elementor-column-gap-default\">\n\t\t\t\t\t<div class=\"elementor-column elementor-col-100 elementor-top-column elementor-element elementor-element-b0ea020\" data-id=\"b0ea020\" data-element_type=\"column\">\n\t\t\t<div class=\"elementor-widget-wrap elementor-element-populated\">\n\t\t\t\t\t\t\t\t<div class=\"elementor-element elementor-element-4b79230 elementor-widget elementor-widget-text-editor\" data-id=\"4b79230\" data-element_type=\"widget\" data-widget_type=\"text-editor.default\">\n\t\t\t\t<div class=\"elementor-widget-container\">\n\t\t\t\t\t\t\t<p>Von uns verfasste Pl\u00e4ne und sonstige Unterlagen sind unser geistiges Eigentum und damit gesetzlich gesch\u00fctzt (Urheber). Jede unbefugte Ben\u00fctzung, Vervielf\u00e4ltigung oder Weitergabe an Dritte ist verboten und strafbar (Schadenersatzanspruch). Wir verweisen auf das Urheberrechtgesetz, BGBl. Nr. 111\/1936 i.d.g.F.<\/p>\t\t\t\t\t\t<\/div>\n\t\t\t\t<\/div>\n\t\t\t\t\t<\/div>\n\t\t<\/div>\n\t\t\t\t\t\t\t<\/div>\n\t\t<\/section>\n\t\t\t\t<section class=\"elementor-section elementor-top-section elementor-element elementor-element-677098c elementor-section-boxed elementor-section-height-default elementor-section-height-default\" data-id=\"677098c\" data-element_type=\"section\">\n\t\t\t\t\t\t<div class=\"elementor-container elementor-column-gap-default\">\n\t\t\t\t\t<div class=\"elementor-column elementor-col-100 elementor-top-column elementor-element elementor-element-baa11d2\" data-id=\"baa11d2\" data-element_type=\"column\">\n\t\t\t<div class=\"elementor-widget-wrap elementor-element-populated\">\n\t\t\t\t\t\t\t\t<div class=\"elementor-element elementor-element-43e418d elementor-widget elementor-widget-spacer\" data-id=\"43e418d\" data-element_type=\"widget\" data-widget_type=\"spacer.default\">\n\t\t\t\t<div class=\"elementor-widget-container\">\n\t\t\t\t\t<div class=\"elementor-spacer\">\n\t\t\t<div class=\"elementor-spacer-inner\"><\/div>\n\t\t<\/div>\n\t\t\t\t<\/div>\n\t\t\t\t<\/div>\n\t\t\t\t\t<\/div>\n\t\t<\/div>\n\t\t\t\t\t\t\t<\/div>\n\t\t<\/section>\n\t\t\t\t\t\t\t<\/div>\n\t\t","protected":false},"excerpt":{"rendered":"<p>1. Impressum PORMA Bau- &amp; PlanungsgmbH Triesterstra\u00dfe 10\/3\/4OG\/1 2351 Wiener Neudorf Telefon: 02236 \/ 320 109 Telefax: 02236 \/ 320 109 &#8211; 9 Email:\u00a0\u00a0\u00a0 office@porma.at Homepage: www.porma.at UID: ATU 62616805 Firmenbuchnummer: FN 279793 k Landesgericht Wr. Neustadt Weitere Informationen k\u00f6nnen Sie auch im Verzeichnis der Wirtschaftskammer \u00d6sterreich einsehen: https:\/\/firmen.wko.at\/porma-bau&#8211;und-planungsgesellschaft-mbh\/nieder%c3%b6sterreich\/?firmaid=3a09e5da-5bce-4448-b49b-7776ab26e0ec&amp;suchbegriff=porma Bilder: PORMA Bau- &amp; PlanungsgmbH Unsplash:\u00a0Daniel &hellip;<\/p>\n<p class=\"read-more\"> <a class=\"\" href=\"https:\/\/wp2.sholzer2022.hla-moedling.schulwebspace.at\/?page_id=22\"> <span class=\"screen-reader-text\">Informationen<\/span> Weiterlesen &raquo;<\/a><\/p>\n","protected":false},"author":1,"featured_media":0,"parent":0,"menu_order":0,"comment_status":"closed","ping_status":"closed","template":"","meta":{"site-sidebar-layout":"default","site-content-layout":"default","ast-global-header-display":"","ast-main-header-display":"","ast-hfb-above-header-display":"","ast-hfb-below-header-display":"","ast-hfb-mobile-header-display":"","site-post-title":"disabled","ast-breadcrumbs-content":"","ast-featured-img":"","footer-sml-layout":"","theme-transparent-header-meta":"","adv-header-id-meta":"","stick-header-meta":"","header-above-stick-meta":"","header-main-stick-meta":"","header-below-stick-meta":"","footnotes":""},"class_list":["post-22","page","type-page","status-publish","hentry"],"_links":{"self":[{"href":"https:\/\/wp2.sholzer2022.hla-moedling.schulwebspace.at\/index.php?rest_route=\/wp\/v2\/pages\/22","targetHints":{"allow":["GET"]}}],"collection":[{"href":"https:\/\/wp2.sholzer2022.hla-moedling.schulwebspace.at\/index.php?rest_route=\/wp\/v2\/pages"}],"about":[{"href":"https:\/\/wp2.sholzer2022.hla-moedling.schulwebspace.at\/index.php?rest_route=\/wp\/v2\/types\/page"}],"author":[{"embeddable":true,"href":"https:\/\/wp2.sholzer2022.hla-moedling.schulwebspace.at\/index.php?rest_route=\/wp\/v2\/users\/1"}],"replies":[{"embeddable":true,"href":"https:\/\/wp2.sholzer2022.hla-moedling.schulwebspace.at\/index.php?rest_route=%2Fwp%2Fv2%2Fcomments&post=22"}],"version-history":[{"count":171,"href":"https:\/\/wp2.sholzer2022.hla-moedling.schulwebspace.at\/index.php?rest_route=\/wp\/v2\/pages\/22\/revisions"}],"predecessor-version":[{"id":1946,"href":"https:\/\/wp2.sholzer2022.hla-moedling.schulwebspace.at\/index.php?rest_route=\/wp\/v2\/pages\/22\/revisions\/1946"}],"wp:attachment":[{"href":"https:\/\/wp2.sholzer2022.hla-moedling.schulwebspace.at\/index.php?rest_route=%2Fwp%2Fv2%2Fmedia&parent=22"}],"curies":[{"name":"wp","href":"https:\/\/api.w.org\/{rel}","templated":true}]}}